 composite?
True
Is 4027815859 a prime number?
True
Is 6949667 prime?
False
Is 17336269 a prime number?
True
Is 15630203 a composite number?
False
Is 7745561 a prime number?
True
Is 1183612867 composite?
True
Is 1845457 prime?
True
Is 58750919 prime?
True
Is 268466791 prime?
True
Is 2281333 composite?
True
Is 2416189 composite?
False
Is 14311117 a prime number?
True
Is 215358421 prime?
False
Is 14869937 a prime number?
False
Is 68987431 a composite number?
True
Is 18144869 a prime number?
True
Is 39735877 a prime number?
True
Is 171743023 a composite number?
False
Is 178712579 a prime number?
True
Is 4120943 a composite number?
True
Is 29622493 a prime number?
False
Is 4447961 composite?
True
Is 7725689 a composite number?
False
Is 8591809 prime?
True
Is 23316063 a composite number?
True
Is 3605617 composite?
False
Is 150029171 a composite number?
False
Is 3728671 a composite number?
False
Is 4471639 a prime number?
False
Is 61506959 prime?
True
Is 10951357 prime?
False
Is 6436889 composite?
False
Is 4217933 composite?
True
Is 1085309 a composite number?
False
Is 5968439 composite?
False
Is 115361941 a composite number?
True
Is 3318389 prime?
True
Is 29364397 prime?
True
Is 120970483 prime?
True
Is 1377143 prime?
False
Is 1311991 a prime number?
True
Is 35353187 prime?
True
Is 240565373 prime?
False
Is 55978627 a prime number?
True
Is 1587283 composite?
False
Is 1372451 a composite number?
False
Is 9006482 a composite number?
True
Is 262602391 composite?
False
Is 614369 a composite number?
True
Is 15456949 composite?
False
Is 14995 a composite number?
True
Is 4464133 prime?
True
Is 1583959 composite?
True
Is 4402721 composite?
False
Is 7498149 a composite number?
True
Is 1540603 a prime number?
True
Is 65224099 composite?
False
Is 113917933 composite?
False
Is 9246773 a composite number?
True
Is 1815721 composite?
True
Is 129480301 prime?
True
Is 2020787 composite?
True
Is 4363687 prime?
False
Is 5558753 a prime number?
True
Is 234031139 a composite number?
True
Is 694000154 prime?
False
Is 5955419 prime?
True
Is 316737829 composite?
True
Is 45016637 a prime number?
True
Is 11451203 prime?
False
Is 6333121 prime?
True
Is 157057151 a prime number?
True
Is 329737 a prime number?
False
Is 37655543 a prime number?
False
Is 22086161 a composite number?
False
Is 6769519 a composite number?
True
Is 491201 a prime number?
True
Is 1356909977 a prime number?
True
Is 22656217 composite?
False
Is 3444289 composite?
False
Is 433221 a prime number?
False
Is 2820437 a prime number?
False
Is 367153537 prime?
True
Is 623897 a prime number?
False
Is 83158081 composite?
True
Is 4432153 prime?
False
Is 3268373 a prime number?
True
Is 6765359 prime?
False
Is 47373059 composite?
False
Is 6662941 a prime number?
True
Is 383819189 prime?
False
Is 301905683 composite?
True
Is 81220471 a composite number?
False
Is 7099289 a composite number?
True
Is 1493047 composite?
True
Is 80677979 composite?
True
Is 2033917 a prime number?
False
Is 42633309 composite?
True
Is 999676879 composite?
True
Is 10180061 prime?
False
Is 128763073 composite?
True
Is 42984341 a composite number?
False
Is 1212383 composite?
True
Is 57207441 a prime number?
False
Is 7983383 prime?
True
Is 21041674 a prime number?
False
Is 681763 composite?
False
Is 1899327569 composite?
False
Is 71634763 a composite number?
False
Is 13633097 prime?
True
Is 27980363 a prime number?
True
Is 815141 a composite number?
False
Is 10301635 a composite number?
True
Is 33669031 prime?
False
Is 6407189 composite?
False
Is 3443501 prime?
True
Is 237577 composite?
True
Is 12562687 composite?
True
Is 23354189 prime?
True
Is 18948421 a composite number?
True
Is 786607297 a composite number?
True
Is 119792411 composite?
False
Is 5574841 a prime number?
True
Is 173435905 a prime number?
False
Is 11449423 composite?
True
Is 236847257 a prime number?
True
Is 7393279 composite?
False
Is 2378787 composite?
True
Is 134650541 prime?
True
Is 1776257 a composite number?
True
Is 298491535 a composite number?
True
Is 1434421 composite?
False
Is 278725783 composite?
True
Is 38957977 prime?
True
Is 156053141 a prime number?
True
Is 12176323 prime?
True
Is 5341939 prime?
True
Is 17883191 composite?
False
Is 62410279 a composite number?
False
Is 7706509 a prime number?
True
Is 49226179 a prime number?
True
Is 54474887 a composite number?
False
Is 1130546435 composite?
True
Is 1976167 prime?
True
Is 60519153 a composite number?
True
Is 2320627 a composite number?
False
Is 1453385 a prime number?
False
Is 7035859 a prime number?
False
Is 3362519 a composite number?
False
Is 604091 composite?
True
Is 5281699 prime?
False
Is 31113683 a composite number?
True
Is 227987 composite?
True
Is 14083327 prime?
False
Is 5190481 a prime number?
False
Is 6450683 prime?
False
Is 1830847 a composite number?
True
Is 9820579 prime?
True
Is 17939087 composite?
True
Is 76522073 a composite number?
False
Is 33373049 a prime number?
False
Is 129313553 composite?
False
Is 7399153 composite?
False
Is 3803131 composite?
False
Is 1767419 prime?
True
Is 8905801 prime?
True
Is 11717 a composite number?
False
Is 1413979 a prime number?
False
Is 2005249 composite?
False
Is 9080053 a prime number?
False
Is 707474819 composite?
True
Is 20307811 composite?
False
Is 14795437 composite?
True
Is 72290741 a composite number?
False
Is 9803273 a prime number?
False
Is 17386043 composite?
False
Is 148201135 prime?
False
Is 94806791 a composite number?
False
Is 3676733 a composite number?
False
Is 13975933 a prime number?
True
Is 138512783 a composite number?
False
Is 13727903 a composite number?
True
Is 43496903 prime?
True
Is 61188391 composite?
True
Is 37163663 composite?
False
Is 9512819 a prime number?
False
Is 16676999 a composite number?
True
Is 2031382 composite?
True
Is 881693 prime?
False
Is 161086994 a prime number?
False
Is 170788459 composite?
True
Is 122475697 a composite number?
False
Is 231406801 composite?
False
Is 4892977 composite?
False
Is 15753307 prime?
False
Is 3144277 prime?
False
Is 265969 a prime number?
False
Is 5994641 prime?
True
Is 20018233 a composite number?
True
Is 2422741 a composite number?
False
Is 6370799 composite?
False
Is 3197927 a prime number?
False
Is 2842643 a composite number?
False
Is 1990543 a composite number?
False
Is 26292973 a prime number?
False
Is 14125337 a composite number?
True
Is 808651 prime?
True
Is 81496279 composite?
True
Is 17162269 prime?
True
Is 987293 prime?
True
Is 8227907 a prime number?
False
Is 19288949 a prime number?
False
Is 5421047 composite?
False
Is 262338457 composite?
False
Is 6462473 prime?
True
Is 3751546 a composite number?
True
Is 4649399 a composite number?
False
Is 2104097 prime?
True
Is 79436323 a composite number?
False
Is 129863 a prime number?
False
Is 10261793 a prime number?
True
Is 233057 composite?
True
Is 103193 prime?
False
Is 5709183 a composite number?
True
Is 27886703 prime?
False
Is 314262247 prime?
False
Is 901067 a composite number?
False
Is 1585277 a prime number?
False
Is 567689 composite?
False
Is 325063 prime?
True
Is 302053 a prime number?
True
Is 4121737 composite?
False
Is 14616391 composite?
False
Is 10388353 a prime number?
True
Is 254255447 a prime number?
True
Is 11155721 composite?
False
Is 141257621 a prime number?
True
Is 125561141 prime?
False
Is 60053339 prime?
False
Is 57790397 a composite number?
True
Is 195634409 a composite number?
False
Is 23361853 a composite number?
False
Is 4953803 a prime number?
False
Is 5931257 a prime number?
False
Is 1741603 composite?
False
Is 285863 composite?
True
Is 76179071 a prime number?
True
Is 3632903 a composite number?
False
Is 22033987 composite?
False
Is 24655327 prime?
True
Is 141733307 composite?
False
Is 772085 prime?
False
Is 8932267 prime?
False
Is 13431939 a prime number?
False
Is 61136003 composite?
False
Is 1049635 prime?
False
Is 2176142 composite?
True
Is 119357941 composite?
False
Is 1095007 composite?
True
Is 4126139 prime?
True
Is 106704839 a composite number?
False
Is 97683979 composite?
False
Is 2399623 a composite number?
True
Is 10899377 a composite number?
True
Is 30762389 composite?
True
Is 52848457 composite?
True
Is 173037857 a prime number?
True
Is 771565 a prime number?
False
Is 128672543 prime?
Tr